le of 38?
True
Does 63 divide 147294?
True
Does 27 divide 252072?
True
Is 151 a factor of 420807?
False
Is 298 a factor of 18926034?
False
Is 256632 a multiple of 629?
True
Does 1551 divide 12861168?
False
Is 30895 a multiple of 24?
False
Does 101 divide 8317?
False
Is 26 a factor of 906282?
True
Is 2550484 a multiple of 37?
True
Is 388740 a multiple of 380?
True
Is 3789837 a multiple of 114?
False
Is 154 a factor of 135520?
True
Is 93586 a multiple of 146?
True
Does 7 divide 56784?
True
Is 119 a factor of 260206?
False
Is 15 a factor of 169380?
True
Is 51 a factor of 296616?
True
Does 521 divide 287071?
True
Does 7 divide 1750297?
False
Is 1602 a factor of 4726801?
False
Does 12 divide 586698?
False
Does 90 divide 190497?
False
Is 56 a factor of 1940288?
True
Is 153819 a multiple of 211?
True
Is 2531877 a multiple of 106?
False
Is 4 a factor of 995881?
False
Is 1773296 a multiple of 446?
True
Is 5 a factor of 5989523?
False
Is 4 a factor of 250452?
True
Is 87 a factor of 155904?
True
Is 24 a factor of 188664?
True
Is 36 a factor of 267879?
False
Is 71 a factor of 372679?
True
Is 3325359 a multiple of 17?
False
Does 71 divide 1921458?
False
Is 14 a factor of 2018597?
False
Does 151 divide 5738?
True
Does 9 divide 9396?
True
Does 9 divide 843984?
True
Is 82211 a multiple of 16?
False
Does 163 divide 1999521?
True
Is 2031369 a multiple of 9?
False
Is 110010 a multiple of 66?
False
Is 341 a factor of 4605205?
True
Does 98 divide 48510?
True
Does 27 divide 597948?
False
Is 1257794 a multiple of 31?
True
Is 107781 a multiple of 37?
True
Is 3215812 a multiple of 502?
True
Is 50 a factor of 99645?
False
Is 24 a factor of 672384?
True
Is 6 a factor of 231654?
True
Is 116470 a multiple of 5?
True
Is 30 a factor of 17940?
True
Is 60 a factor of 681499?
False
Is 139 a factor of 159928?
False
Is 4769928 a multiple of 408?
True
Is 53 a factor of 2378905?
True
Is 29172 a multiple of 17?
True
Is 256360 a multiple of 170?
True
Does 1182 divide 8291730?
True
Does 17 divide 106857?
False
Does 209 divide 32026?
False
Is 2177 a factor of 18251968?
True
Does 323 divide 646?
True
Is 27 a factor of 8525520?
True
Does 184 divide 537833?
False
Is 44 a factor of 794563?
False
Is 21518185 a multiple of 13?
True
Does 13 divide 11112270?
True
Is 2959415 a multiple of 55?
False
Is 1056383 a multiple of 29?
True
Is 63 a factor of 1902213?
False
Is 7 a factor of 1358?
True
Is 97 a factor of 2935802?
True
Is 186771 a multiple of 24?
False
Does 6 divide 131415?
False
Is 16 a factor of 9559847?
False
Is 27 a factor of 9853004?
False
Does 145 divide 4612012?
False
Does 2450 divide 4932417?
False
Is 10 a factor of 223705?
False
Is 76749 a multiple of 50?
False
Does 14 divide 479458?
True
Does 43 divide 479751?
True
Is 224 a factor of 120064?
True
Is 3 a factor of 64845?
True
Is 142 a factor of 1361512?
False
Does 246 divide 41328?
True
Is 29 a factor of 83462?
True
Is 1009622 a multiple of 705?
False
Does 29 divide 43830?
False
Is 9318712 a multiple of 104?
True
Is 5623712 a multiple of 536?
True
Is 570960 a multiple of 13?
True
Is 1069068 a multiple of 429?
True
Is 50 a factor of 299774?
False
Is 27880 a multiple of 41?
True
Is 547022 even?
True
Is 541893 a multiple of 33?
True
Is 46 a factor of 500434?
True
Is 127302 a multiple of 147?
True
Is 209 a factor of 162652?
False
Does 3 divide 344693?
False
Is 10279950 a multiple of 258?
False
Is 1101 a factor of 1178575?
False
Is 364909 a multiple of 30?
False
Is 63650 a multiple of 8?
False
Is 726347 a multiple of 293?
True
Does 145 divide 5145082?
False
Is 274 a factor of 2012256?
True
Is 8 a factor of 16608?
True
Is 550 a factor of 3219700?
True
Does 64 divide 1114560?
True
Does 21 divide 523152?
True
Is 6064 a multiple of 16?
True
Is 200 a factor of 332964?
False
Is 66 a factor of 828522?
False
Does 22 divide 263362?
True
Is 251532 a multiple of 411?
True
Is 11230912 a multiple of 28?
True
Does 185 divide 218485?
True
Is 62849 a multiple of 40?
False
Is 141 a factor of 1978653?
True
Is 20 a factor of 1690200?
True
Is 117 a factor of 469053?
True
Does 14 divide 81495?
False
Is 1136634 even?
True
Does 705 divide 266490?
True
Does 537 divide 2737626?
True
Does 466 divide 336289?
False
Does 21 divide 889561?
False
Is 13 a factor of 3770460?
False
Is 204207 a multiple of 2?
False
Is 817191 a multiple of 377?
False
Does 184 divide 692944?
True
Is 47 a factor of 1602272?
False
Is 222912 a multiple of 72?
True
Does 44 divide 16902336?
True
Is 5 a factor of 59920?
True
Is 4788476 a multiple of 308?
True
Does 532 divide 1050821?
False
Is 67172 a multiple of 10?
False
Is 5294179 a multiple of 1949?
False
Is 463191 a multiple of 61?
False
Does 2 divide 26306?
True
Does 132 divide 485628?
True
Is 29 a factor of 158128?
False
Does 23 divide 470511?
True
Is 6 a factor of 848868?
True
Is 80310 a multiple of 35?
False
Is 2527174 a multiple of 142?
True
Does 370 divide 422540?
True
Does 4 divide 296560?
True
Does 87 divide 193662?
True
Is 1377696 a multiple of 508?
True
Is 484206 a multiple of 12?
False
Is 818 a factor of 332458?
False
Is 4 a factor of 161454?
False
Is 24025 a multiple of 3?
False
Is 26 a factor of 5470010?
True
Does 65 divide 536770?
True
Does 29 divide 54647?
False
Is 157300 a multiple of 484?
True
Does 86 divide 1703746?
True
Is 6787944 a multiple of 69?
True
Is 13 a factor of 980590?
True
Is 22 a factor of 13137035?
False
Does 13 divide 578409?
True
Is 1618270 a multiple of 41?
True
Does 15 divide 316241?
False
Is 6 a factor of 6420450?
True
Is 396264 a multiple of 57?
True
Is 56172 even?
True
Is 359 a factor of 218271?
False
Is 2077874 a multiple of 3?
False
Is 149694 a multiple of 14?
False
Is 21 a factor of 1406307?
True
Does 19 divide 236230?
False
Is 1392313 a multiple of 421?
False
Is 14 a factor of 113092?
True
Is 156 a factor of 2147264?
False
Is 311993 a multiple of 11?
True
Is 1243486 a multiple of 448?
False
Does 238 divide 692342?
True
Is 38065 a multiple of 29?
False
Is 13 a factor of 686686?
True
Is 5804856 a multiple of 39?
False
Does 70 divide 275192?
False
Is 10 a factor of 13015260?
True
Is 15 a factor of 169320?
True
Is 3784140 a multiple of 30?
True
Is 134377 a multiple of 344?
False
Does 14 divide 52098?
False
Is 617977 a multiple of 27?
False
Does 216 divide 3307399?
False
Does 83 divide 141404?
False
Does 31 divide 1189376?
False
Is 740904 a multiple of 9?
False
Is 12291 a multiple of 27?
False
Is 2320434 a multiple of 27?
True
Is 34 a factor of 383826?
True
Is 1285634 a multiple of 37?
False
Is 73 a factor of 190968?
True
Is 22 a factor of 4320580?
True
Is 443 a factor of 18460696?
True
Is 30 a factor of 779762?
False
Is 110 a factor of 214469?
False
Is 47528 a multiple of 8?
True
Is 929473 a multiple of 3?
False
Is 4 a factor of 71677?
False
Is 1150979 a multiple of 667?
False
Is 436333 a multiple of 23?
True
Is 995080 a multiple of 4?
True
Is 505010 a multiple of 18?
False
Is 1978715 a multiple of 56?
False
Is 111 a factor of 92659?
False
Is 12091 even?
False
Does 5 divide 45386?
False
Does 37 divide 158545?
True
Is 589 a factor of 1607381?
True
Does 190 divide 242485?
False
Is 173548 a multiple of 38?
False
Is 2 a factor of 416828?
True
Is 8 a factor of 125363?
False
Is 10 a factor of 545469?
False
Is 188 a factor of 549524?
True
Is 11 a factor of 18526142?
False
Is 50 a factor of 10170724?
False
Is 1792200 a multiple of 120?
True
Is 23 a factor of 1130021?
False
Is 7 a factor of 35595?
True
Is 123 a factor of 115128?
True
Is 1904563 a multiple of 533?
False
Is 107348 a multiple of 188?
True
Is 3 a factor of 18599?
False
Does 57 divide 32944?
False
Does 17 divide 566967?
True
Does 75 divide 5238459?
False
Is 2 a factor of 38585?
False
Is 1695981 a multiple of 971?
False
Is 129 a factor of 218268?
True
Does 51 divide 32578?
False
Is 107644 a multiple of 206?
False
Is 5963318 a multiple of 33?
False
Does 105 divide 357840?
True
Is 24 a factor of 2612496?
True
Does 29 divide 1031153?
True
Is 409 a factor of 788074?
False
Is 3815271 a multiple of 200?
False
Is 276624 a multiple of 24?
True
Is 742385 a multiple of 15?
False
Does 318 divide 85542?
True
Does 4 divide 21513?
False
Is 18654 a multiple of 3?
True
Does 12 divide 38777?
False
Is 541527 a multiple of 23?
False
Does 75 divide 191076?
False
Is